{"id":4332,"date":"2026-02-03T02:52:08","date_gmt":"2026-02-03T01:52:08","guid":{"rendered":"https:\/\/www.asierpolo.com\/evento\/festival-de-musica-antonio-de-cabezon-2\/"},"modified":"2026-02-03T02:53:18","modified_gmt":"2026-02-03T01:53:18","slug":"festival-de-musica-antonio-de-cabezon-2","status":"publish","type":"tribe_events","link":"https:\/\/www.asierpolo.com\/en\/evento\/festival-de-musica-antonio-de-cabezon-2\/","title":{"rendered":"Festival de M\u00fasica Antonio de Cabez\u00f3n"},"content":{"rendered":"<p><strong>Recital. Festival de M\u00fasica Antonio de Cabez\u00f3n<\/strong><\/p>\n<p>J. Brahms: <em>Cello sonatas<\/em><\/p>\n<p>&nbsp;<\/p>\n<p>Asier Polo, <em>cello<\/em><\/p>\n<p>Eldar Nebolsin, <em>piano<\/em><\/p>\n<p>&nbsp;<\/p>\n<p>&nbsp;<\/p>\n<p>&nbsp;<\/p>\n<p>&nbsp;<\/p>\n","protected":false},"excerpt":{"rendered":"<p>Recital. Festival de M\u00fasica Antonio de Cabez\u00f3n J. Brahms: Cello sonatas &nbsp; Asier Polo, cello Eldar Nebolsin, piano &nbsp; &nbsp; &nbsp; &nbsp;<\/p>\n","protected":false},"author":2,"featured_media":3916,"comment_status":"closed","ping_status":"closed","template":"","meta":[],"tags":[63,141,183,184,142,185,186],"tribe_events_cat":[],"_links":{"self":[{"href":"https:\/\/www.asierpolo.com\/en\/wp-json\/wp\/v2\/tribe_events\/4332"}],"collection":[{"href":"https:\/\/www.asierpolo.com\/en\/wp-json\/wp\/v2\/tribe_events"}],"about":[{"href":"https:\/\/www.asierpolo.com\/en\/wp-json\/wp\/v2\/types\/tribe_events"}],"author":[{"embeddable":true,"href":"https:\/\/www.asierpolo.com\/en\/wp-json\/wp\/v2\/users\/2"}],"replies":[{"embeddable":true,"href":"https:\/\/www.asierpolo.com\/en\/wp-json\/wp\/v2\/comments?post=4332"}],"version-history":[{"count":1,"href":"https:\/\/www.asierpolo.com\/en\/wp-json\/wp\/v2\/tribe_events\/4332\/revisions"}],"predecessor-version":[{"id":4333,"href":"https:\/\/www.asierpolo.com\/en\/wp-json\/wp\/v2\/tribe_events\/4332\/revisions\/4333"}],"wp:featuredmedia":[{"embeddable":true,"href":"https:\/\/www.asierpolo.com\/en\/wp-json\/wp\/v2\/media\/3916"}],"wp:attachment":[{"href":"https:\/\/www.asierpolo.com\/en\/wp-json\/wp\/v2\/media?parent=4332"}],"wp:term":[{"taxonomy":"post_tag","embeddable":true,"href":"https:\/\/www.asierpolo.com\/en\/wp-json\/wp\/v2\/tags?post=4332"},{"taxonomy":"tribe_events_cat","embeddable":true,"href":"https:\/\/www.asierpolo.com\/en\/wp-json\/wp\/v2\/tribe_events_cat?post=4332"}],"curies":[{"name":"wp","href":"https:\/\/api.w.org\/{rel}","templated":true}]}}

Festival de Música Antonio de Cabezón

<p><strong>Recital. Festival de Música Antonio de Cabezón</strong></p>
<p>J. Brahms: <em>Cello sonatas</em></p>
<p>&nbsp;</p>
<p>Asier Polo, <em>cello</em></p>
<p>Eldar Nebolsin, <em>piano</em></p>
<p>&nbsp;</p>
<p>&nbsp;</p>
<p>&nbsp;</p>
<p>&nbsp;</p>

<p>Recital. Festival de Música Antonio de Cabezón J. Brahms: Cello sonatas &nbsp; Asier Polo, cello Eldar Nebolsin, piano &nbsp; &nbsp; &nbsp; &nbsp;</p>
