{"id":3213,"date":"2020-08-29T13:53:47","date_gmt":"2020-08-29T11:53:47","guid":{"rendered":"https:\/\/www.asierpolo.com\/?post_type=tribe_events&#038;p=3213"},"modified":"2020-08-29T19:31:02","modified_gmt":"2020-08-29T17:31:02","slug":"banda-municipal-de-musica-de-bilbao","status":"publish","type":"tribe_events","link":"https:\/\/www.asierpolo.com\/en\/evento\/banda-municipal-de-musica-de-bilbao\/","title":{"rendered":"Banda Municipal de M\u00fasica de Bilbao"},"content":{"rendered":"<p>G. Faur\u00e9: <em>\u00c9l\u00e9gie<\/em> in C minor, Op. 24<\/p>\n<p>M. Bruch: <em>Kol Nidrei<\/em>, Op. 47<\/p>\n<p>&nbsp;<\/p>\n<p>Asier Polo, <em>cello<\/em><\/p>\n<p>Jos\u00e9 Rafael Pascual Vilaplana, <em>conductor<\/em><\/p>\n<p>Banda Municipal de M\u00fasica de Bilbao<\/p>\n<p>&nbsp;<\/p>\n<p>More info coming soon<\/p>\n","protected":false},"excerpt":{"rendered":"<p>G. Faur\u00e9: \u00c9l\u00e9gie in C minor, Op. 24 M. Bruch: Kol Nidrei, Op. 47 &nbsp; Asier Polo, cello Jos\u00e9 Rafael Pascual Vilaplana, conductor Banda Municipal de M\u00fasica de Bilbao &nbsp; More info coming soon<\/p>\n","protected":false},"author":3,"featured_media":2546,"comment_status":"closed","ping_status":"closed","template":"","meta":[],"tags":[],"tribe_events_cat":[],"_links":{"self":[{"href":"https:\/\/www.asierpolo.com\/en\/wp-json\/wp\/v2\/tribe_events\/3213"}],"collection":[{"href":"https:\/\/www.asierpolo.com\/en\/wp-json\/wp\/v2\/tribe_events"}],"about":[{"href":"https:\/\/www.asierpolo.com\/en\/wp-json\/wp\/v2\/types\/tribe_events"}],"author":[{"embeddable":true,"href":"https:\/\/www.asierpolo.com\/en\/wp-json\/wp\/v2\/users\/3"}],"replies":[{"embeddable":true,"href":"https:\/\/www.asierpolo.com\/en\/wp-json\/wp\/v2\/comments?post=3213"}],"version-history":[{"count":4,"href":"https:\/\/www.asierpolo.com\/en\/wp-json\/wp\/v2\/tribe_events\/3213\/revisions"}],"predecessor-version":[{"id":3237,"href":"https:\/\/www.asierpolo.com\/en\/wp-json\/wp\/v2\/tribe_events\/3213\/revisions\/3237"}],"wp:featuredmedia":[{"embeddable":true,"href":"https:\/\/www.asierpolo.com\/en\/wp-json\/wp\/v2\/media\/2546"}],"wp:attachment":[{"href":"https:\/\/www.asierpolo.com\/en\/wp-json\/wp\/v2\/media?parent=3213"}],"wp:term":[{"taxonomy":"post_tag","embeddable":true,"href":"https:\/\/www.asierpolo.com\/en\/wp-json\/wp\/v2\/tags?post=3213"},{"taxonomy":"tribe_events_cat","embeddable":true,"href":"https:\/\/www.asierpolo.com\/en\/wp-json\/wp\/v2\/tribe_events_cat?post=3213"}],"curies":[{"name":"wp","href":"https:\/\/api.w.org\/{rel}","templated":true}]}}

Banda Municipal de Música de Bilbao

<p>G. Fauré: <em>Élégie</em> in C minor, Op. 24</p>
<p>M. Bruch: <em>Kol Nidrei</em>, Op. 47</p>
<p>&nbsp;</p>
<p>Asier Polo, <em>cello</em></p>
<p>José Rafael Pascual Vilaplana, <em>conductor</em></p>
<p>Banda Municipal de Música de Bilbao</p>
<p>&nbsp;</p>
<p>More info coming soon</p>

<p>G. Fauré: Élégie in C minor, Op. 24 M. Bruch: Kol Nidrei, Op. 47 &nbsp; Asier Polo, cello José Rafael Pascual Vilaplana, conductor Banda Municipal de Música de Bilbao &nbsp; More info coming soon</p>
