{"id":3002,"date":"2020-02-08T23:44:13","date_gmt":"2020-02-08T22:44:13","guid":{"rendered":"https:\/\/www.asierpolo.com\/?post_type=tribe_events&#038;p=3002"},"modified":"2020-02-08T23:51:45","modified_gmt":"2020-02-08T22:51:45","slug":"recital-conciertos-de-verano-del-palau-march-2","status":"publish","type":"tribe_events","link":"https:\/\/www.asierpolo.com\/en\/evento\/recital-conciertos-de-verano-del-palau-march-2\/","title":{"rendered":"Recital: Summer Concerts at Palau March"},"content":{"rendered":"<p>Works by Gluck, Faur\u00e9, Hahn, Brahms, Obradors, Cassad\u00f3, Previn, Bernstein y Schubert.<\/p>\n<p>&nbsp;<\/p>\n<p>Asier Polo, <em>cello.\u00a0<\/em>Raquel Lojendio, <em>soprano.\u00a0<\/em>Alfredo Oy\u00e1g\u00fcez Montero, <em>piano<\/em><\/p>\n<p>&nbsp;<\/p>\n<p>Fundaci\u00f3n Bartolom\u00e9 March<\/p>\n<p><a href=\"http:\/\/fundacionbmarch.es\/\" target=\"_blank\" rel=\"noopener\">More info &amp; tickets<\/a><\/p>\n","protected":false},"excerpt":{"rendered":"<p>Works by Gluck, Faur\u00e9, Hahn, Brahms, Obradors, Cassad\u00f3, Previn, Bernstein y Schubert. &nbsp; Asier Polo, cello.\u00a0Raquel Lojendio, soprano.\u00a0Alfredo Oy\u00e1g\u00fcez Montero, piano &nbsp; Fundaci\u00f3n Bartolom\u00e9 March More info &amp; tickets<\/p>\n","protected":false},"author":3,"featured_media":2043,"comment_status":"closed","ping_status":"closed","template":"","meta":[],"tags":[],"tribe_events_cat":[],"_links":{"self":[{"href":"https:\/\/www.asierpolo.com\/en\/wp-json\/wp\/v2\/tribe_events\/3002"}],"collection":[{"href":"https:\/\/www.asierpolo.com\/en\/wp-json\/wp\/v2\/tribe_events"}],"about":[{"href":"https:\/\/www.asierpolo.com\/en\/wp-json\/wp\/v2\/types\/tribe_events"}],"author":[{"embeddable":true,"href":"https:\/\/www.asierpolo.com\/en\/wp-json\/wp\/v2\/users\/3"}],"replies":[{"embeddable":true,"href":"https:\/\/www.asierpolo.com\/en\/wp-json\/wp\/v2\/comments?post=3002"}],"version-history":[{"count":5,"href":"https:\/\/www.asierpolo.com\/en\/wp-json\/wp\/v2\/tribe_events\/3002\/revisions"}],"predecessor-version":[{"id":3005,"href":"https:\/\/www.asierpolo.com\/en\/wp-json\/wp\/v2\/tribe_events\/3002\/revisions\/3005"}],"wp:featuredmedia":[{"embeddable":true,"href":"https:\/\/www.asierpolo.com\/en\/wp-json\/wp\/v2\/media\/2043"}],"wp:attachment":[{"href":"https:\/\/www.asierpolo.com\/en\/wp-json\/wp\/v2\/media?parent=3002"}],"wp:term":[{"taxonomy":"post_tag","embeddable":true,"href":"https:\/\/www.asierpolo.com\/en\/wp-json\/wp\/v2\/tags?post=3002"},{"taxonomy":"tribe_events_cat","embeddable":true,"href":"https:\/\/www.asierpolo.com\/en\/wp-json\/wp\/v2\/tribe_events_cat?post=3002"}],"curies":[{"name":"wp","href":"https:\/\/api.w.org\/{rel}","templated":true}]}}

<p>Works by Gluck, Fauré, Hahn, Brahms, Obradors, Cassadó, Previn, Bernstein y Schubert.</p>
<p>&nbsp;</p>
<p>Asier Polo, <em>cello. </em>Raquel Lojendio, <em>soprano. </em>Alfredo Oyágüez Montero, <em>piano</em></p>
<p>&nbsp;</p>
<p>Fundación Bartolomé March</p>
<p><a href="http://fundacionbmarch.es/" target="_blank" rel="noopener">More info &amp; tickets</a></p>

<p>Works by Gluck, Fauré, Hahn, Brahms, Obradors, Cassadó, Previn, Bernstein y Schubert. &nbsp; Asier Polo, cello. Raquel Lojendio, soprano. Alfredo Oyágüez Montero, piano &nbsp; Fundación Bartolomé March More info &amp; tickets</p>
