{"id":1758,"date":"2016-09-21T18:48:13","date_gmt":"2016-09-21T16:48:13","guid":{"rendered":"https:\/\/www.asierpolo.com\/en\/evento\/festival-musika-musica-bilbao\/"},"modified":"2016-09-21T18:49:58","modified_gmt":"2016-09-21T16:49:58","slug":"festival-musika-musica-bilbao","status":"publish","type":"tribe_events","link":"https:\/\/www.asierpolo.com\/en\/evento\/festival-musika-musica-bilbao\/","title":{"rendered":"Festival Musika-M\u00fasica, Bilbao"},"content":{"rendered":"<p>Dvo\u0159\u00e1k: Cello Concerto in B minor, op. 104<\/p>\n<p>Bilbao Symphony Orchestra<\/p>\n<p>Asier Polo, cello<\/p>\n<p>Carlos Miguel Prieto,\u00a0conductor<\/p>\n","protected":false},"excerpt":{"rendered":"<p>Dvo\u0159\u00e1k: Cello Concerto in B minor, op. 104 Bilbao Symphony Orchestra Asier Polo, cello Carlos Miguel Prieto,\u00a0conductor<\/p>\n","protected":false},"author":2,"featured_media":1632,"comment_status":"closed","ping_status":"closed","template":"","meta":[],"tags":[],"tribe_events_cat":[],"_links":{"self":[{"href":"https:\/\/www.asierpolo.com\/en\/wp-json\/wp\/v2\/tribe_events\/1758"}],"collection":[{"href":"https:\/\/www.asierpolo.com\/en\/wp-json\/wp\/v2\/tribe_events"}],"about":[{"href":"https:\/\/www.asierpolo.com\/en\/wp-json\/wp\/v2\/types\/tribe_events"}],"author":[{"embeddable":true,"href":"https:\/\/www.asierpolo.com\/en\/wp-json\/wp\/v2\/users\/2"}],"replies":[{"embeddable":true,"href":"https:\/\/www.asierpolo.com\/en\/wp-json\/wp\/v2\/comments?post=1758"}],"version-history":[{"count":0,"href":"https:\/\/www.asierpolo.com\/en\/wp-json\/wp\/v2\/tribe_events\/1758\/revisions"}],"wp:featuredmedia":[{"embeddable":true,"href":"https:\/\/www.asierpolo.com\/en\/wp-json\/wp\/v2\/media\/1632"}],"wp:attachment":[{"href":"https:\/\/www.asierpolo.com\/en\/wp-json\/wp\/v2\/media?parent=1758"}],"wp:term":[{"taxonomy":"post_tag","embeddable":true,"href":"https:\/\/www.asierpolo.com\/en\/wp-json\/wp\/v2\/tags?post=1758"},{"taxonomy":"tribe_events_cat","embeddable":true,"href":"https:\/\/www.asierpolo.com\/en\/wp-json\/wp\/v2\/tribe_events_cat?post=1758"}],"curies":[{"name":"wp","href":"https:\/\/api.w.org\/{rel}","templated":true}]}}

Festival Musika-Música, Bilbao

<p>Dvořák: Cello Concerto in B minor, op. 104</p>
<p>Bilbao Symphony Orchestra</p>
<p>Asier Polo, cello</p>
<p>Carlos Miguel Prieto, conductor</p>

<p>Dvořák: Cello Concerto in B minor, op. 104 Bilbao Symphony Orchestra Asier Polo, cello Carlos Miguel Prieto, conductor</p>
