{"id":946,"date":"2015-04-29T01:57:27","date_gmt":"2015-04-29T01:57:27","guid":{"rendered":"https:\/\/www.asierpolo.com\/biografia\/?lang=en"},"modified":"2021-01-12T03:31:04","modified_gmt":"2021-01-12T02:31:04","slug":"biography","status":"publish","type":"page","link":"https:\/\/www.asierpolo.com\/en\/biography\/","title":{"rendered":"Biography"},"content":{"rendered":"<p>[vc_row el_class=&#8221;home-photo&#8221;][vc_column el_class=&#8221;column-no-padding&#8221;][vc_single_image image=&#8221;499&#8243; img_size=&#8221;full&#8221; alignment=&#8221;center&#8221;][\/vc_column][\/vc_row][vc_row el_class=&#8221;page-block-center page-block-title&#8221;][vc_column][vc_column_text]<\/p>\n<h1>Biography<\/h1>\n<p>[\/vc_column_text][\/vc_column][\/vc_row][vc_row el_class=&#8221;page-block-center page-block-mar40&#8243;][vc_column][vc_column_text]Considered by the specialist music press as one of the most important cellists of his generation, Asier Polo has worked with many of the major international orchestras, such as the Philharmonia Orchestra, London Symphony Orchestra, Danish National Symphony Orchestra, Orchestra Sinfonica Nazionalle della RAI, Dresdner Philharmonie, Orchestre de Paris, BBC Philharmonic, Bergen Filharmoniske Orkester, Israel Philharmonic Orchestra, Berliner Symphoniker, Orquesta Nacional de M\u00e9xico, Orquestra Sinf\u00f4nica de S\u00e3o Paulo, Louisiana Philharmonic, Orquesta Nacional de Espa\u00f1a and Basel Symphony Orchestra, under the baton of distinguished conductors such as John Axelrod, Pinchas Steinberg, Christian Badea, Rafael Fr\u00fchbeck de Burgos, Claus Peter Flor, Carlos Miguel Prieto, G\u00fcnther Herbig, Juanjo Mena, Antoni Wit and Anne Manson.[\/vc_column_text][\/vc_column][\/vc_row][vc_row el_class=&#8221;page-block-center page-block-mar40&#8243;][vc_column width=&#8221;2\/3&#8243;][vc_column_text]He is a regular guest at\u00a0prestigious festivals, such as those held in Schleswig-Holstein, Nantes, Ohrid, Biennale di Venezia, Rome, Lisbon, Gstaad Menuhin Festival, Morelia, Granada and the Quincena Musical in San Sebasti\u00e1n.[\/vc_column_text][\/vc_column][vc_column width=&#8221;1\/3&#8243;][vc_column_text]<\/p>\n<blockquote>\n<h3>\u201cAsier Polo is today\u2019s most celebrated Spanish cellist\u201d<\/h3>\n<p>El Mundo<\/p><\/blockquote>\n<p>[\/vc_column_text][\/vc_column][\/vc_row][vc_row el_class=&#8221;page-block-center&#8221;][vc_column][vc_column_text]He has appeared with great artists such as Silvia Marcovici, Nicol\u00e1s Chumachenco, Sol Ga\u00adbetta, Maxim Rysanov, Isabelle van Keulen, Josep Colom, Eldar Nebolsin, Gerard Causs\u00e9, Cuarteto Jan\u00e1cek, Cuarte\u00adto Casals\u00a0and Alfredo Kraus, who in the\u00a0last years of his career invited him to perform as\u00a0soloist at his concerts, with engagements\u00a0at the Maggio Musicale Fiorentino, Royal Opera House, Covent Garden in London, Tonhalle in Zurich and the prestigious Musikverein in Vienna, as well as a successful tour in the major concerts halls in Japan.[\/vc_column_text][\/vc_column][\/vc_row][vc_row el_class=&#8221;page-block-divide&#8221;][vc_column][vc_separator][\/vc_column][\/vc_row][vc_row el_class=&#8221;page-block-center page-block-mar40&#8243;][vc_column][vc_column_text]<\/p>\n<h2>Repertoire<\/h2>\n<p>He is devoted to contemporary music, especially from his native country. Composers such as Gabriel Erkoreka, Jes\u00fas Torres, Luis de Pablo, Jes\u00fas Villa-Rojo,\u00a0Fernando Vel\u00e1zquez and Ant\u00f3n Garc\u00eda Abril have all dedicated their cello concertos\u00a0to Asier Polo. He enjoys combining modern music with the great classical repertoire, covering everything from Bach\u2019s <em>Suites<\/em>, classical and romantic concertos, to contemporary music such as Henri Dutilleux, Crist\u00f3bal Halffter and Sofia Gubaidulina.[\/vc_column_text][\/vc_column][\/vc_row][vc_row el_class=&#8221;page-block-center page-block-mar40&#8243;][vc_column width=&#8221;1\/3&#8243;][vc_column_text]<\/p>\n<blockquote>\n<h3>\u201cAsier Polo, a true delight, a genius, on top form\u201d<\/h3>\n<p>Diario Vasco<\/p><\/blockquote>\n<p>[\/vc_column_text][\/vc_column][vc_column width=&#8221;2\/3&#8243;][vc_column_text]He has recorded <a href=\"https:\/\/www.asierpolo.com\/en\/discography\/\">19 albums<\/a> for major record labels such as <em>Naxos<\/em>,\u00a0<em>Claves<\/em>, <em>RTVE, IBS Classical <\/em>and\u00a0<em>Marco Polo<\/em>, playing some of the major Spanish repertoire for cello, such as the concertos by Jos\u00e9 Mar\u00eda Usandizaga, Joaqu\u00edn Rodrigo, Francisco Escudero, Tom\u00e1s Marco, Carmelo Bernaola and Jes\u00fas Rueda. Highlights include\u00a0the nominated for the Gramophon Editor&#8217;s Choice Award CD dedicated to the work of the composer Sofia Gubaidulina (<em>Et&#8217;cetera Record<\/em>s) and the recording of the <em>Ecos y Sombras<\/em> [Echoes and Shades] DVD dedicated to Crist\u00f3bal Halffter, performing his <em>Cello Concerto no. 2<\/em> with the Spanish National Orchestra (<em>KP Music<\/em>).[\/vc_column_text][\/vc_column][\/vc_row][vc_row el_class=&#8221;page-block-center&#8221;][vc_column][vc_column_text]His latest CD releases -all them for IBS Classical- include Rachmaninov and C\u00e9sar Frank\u2019s sonatas for cello and piano with Marta Zabaleta and Brahms\u2019 cello sonatas with the pianist Eldar Nebolsin, as well as Vivaldi, Boccherini and Haydn\u2019s cello concertos together with the Orquesta Barroca de Sevilla and Andr\u00e9s Gabetta, and the whole set of <i>Cello Suites<\/i> by J. S. Bach, his latest album.[\/vc_column_text][vc_column_text]Two new albums will\u00a0soon be released with the Spanish National Orchestra, conducted by Juanjo Mena: Joaqu\u00edn Rodrigo&#8217;s two cello concertos &#8211;<em>Concierto como un Divertimento<\/em> and <em>Concierto in modo Galante-<\/em>, as well as Alberto Ginastera&#8217;s <em>Cello Concerto no.2<\/em>, Op.50 (1980).[\/vc_column_text][\/vc_column][\/vc_row][vc_row el_class=&#8221;page-block-divide page-block-divide-2&#8243;][vc_column][vc_separator][\/vc_column][\/vc_row][vc_row el_class=&#8221;page-block-center page-block-mar40&#8243;][vc_column][vc_column_text]<\/p>\n<h2>Career<\/h2>\n<p>Asier Polo studied in Bilbao, Madrid, Cologne and Basel with Elisa Pascu, Maria Kliegel and Ivan Monighetti, and also received guidance from J\u00e1nos Starker, Natalia Gutman and Mstislav Rostropovich in various masterclasses. He soon stood out as a promising young musician, winning the first prizes in Cello and Chamber Music at the National Young Musicians Competition in Spain.<\/p>\n<p>Asier Polo has been awarded numerous prizes, and amongst others, the <em>Ojo Cr\u00edtico<\/em>\u00a0by Radio Nacional de Espa\u00f1a (2002), the Fundaci\u00f3n CEOE <em>Prize for Musical Interpretation<\/em> (2004) and the <em>National Music Award<\/em>\u00a0by the Ministry for Culture and Sports of Spain (2019). In 2009 he was appointed \u201cIlustre de Bilbao\u201d (Bilbao being his native city).<\/p>\n<p>He is regularly invited to be on the judging panel of international cello competitions, such as\u00a0the Dotzauer Wettbewerb (Germany), Carlos Prieto International Cello Competition (Mexico), Benedetto Mazzacurati Competition (Italy) and the Manhattan International Music Competition (New York). He also gives masterclasses in many countries, including Germany, the Netherlands, Italy, Mexico, Venezuela and Brazil.[\/vc_column_text][\/vc_column][\/vc_row][vc_row el_class=&#8221;page-block-center page-block-mar40&#8243;][vc_column width=&#8221;2\/3&#8243;][vc_column_text]Asier Polo plays a <a href=\"https:\/\/www.asierpolo.com\/en\/my-cello\/\">Francesco Ruggeri cello<\/a> (Cremona, 1689) purchased in collaboration with the Fundaci\u00f3n Banco Santander.[\/vc_column_text][\/vc_column][vc_column width=&#8221;1\/3&#8243;][vc_column_text]<\/p>\n<blockquote>\n<h3>\u201cAn extraordinary soloist and profound musician\u201d<\/h3>\n<p>El Pa\u00eds<\/p><\/blockquote>\n<p>[\/vc_column_text][\/vc_column][\/vc_row][vc_row el_class=&#8221;page-block-divide page-block-divide-medium&#8221;][vc_column][vc_separator][\/vc_column][\/vc_row][vc_row el_class=&#8221;page-block-center page-block-mar40&#8243;][vc_column][vc_column_text]<\/p>\n<h2 style=\"text-align: center;\">PRESS MATERIAL<\/h2>\n<p style=\"text-align: center;\">Biography, logos and high-resolution photos (2020\/2021)<\/p>\n<p>[\/vc_column_text][vc_btn title=&#8221;Download&#8221; style=&#8221;flat&#8221; align=&#8221;center&#8221; i_icon_fontawesome=&#8221;fas fa-angle-down&#8221; add_icon=&#8221;true&#8221; link=&#8221;url:%2Fwp-content%2Fuploads%2F2021%2F01%2FAsier-Polo-PressKit-01-2021.zip|title:Press%20Kit&#8221;][\/vc_column][\/vc_row]<\/p>\n","protected":false},"excerpt":{"rendered":"<p>[vc_row el_class=&#8221;home-photo&#8221;][vc_column el_class=&#8221;column-no-padding&#8221;][vc_single_image image=&#8221;499&#8243; img_size=&#8221;full&#8221; alignment=&#8221;center&#8221;][\/vc_column][\/vc_row][vc_row el_class=&#8221;page-block-center page-block-title&#8221;][vc_column][vc_column_text] Biography [\/vc_column_text][\/vc_column][\/vc_row][vc_row el_class=&#8221;page-block-center page-block-mar40&#8243;][vc_column][vc_column_text]Considered by the specialist music press as one of the most important cellists of his generation, Asier Polo has worked with many of the major international orchestras, such as &hellip; <a href=\"https:\/\/www.asierpolo.com\/en\/biography\/\">Continued<\/a><\/p>\n","protected":false},"author":3,"featured_media":0,"parent":0,"menu_order":2,"comment_status":"open","ping_status":"open","template":"template-style2.php","meta":[],"_links":{"self":[{"href":"https:\/\/www.asierpolo.com\/en\/wp-json\/wp\/v2\/pages\/946"}],"collection":[{"href":"https:\/\/www.asierpolo.com\/en\/wp-json\/wp\/v2\/pages"}],"about":[{"href":"https:\/\/www.asierpolo.com\/en\/wp-json\/wp\/v2\/types\/page"}],"author":[{"embeddable":true,"href":"https:\/\/www.asierpolo.com\/en\/wp-json\/wp\/v2\/users\/3"}],"replies":[{"embeddable":true,"href":"https:\/\/www.asierpolo.com\/en\/wp-json\/wp\/v2\/comments?post=946"}],"version-history":[{"count":28,"href":"https:\/\/www.asierpolo.com\/en\/wp-json\/wp\/v2\/pages\/946\/revisions"}],"predecessor-version":[{"id":3425,"href":"https:\/\/www.asierpolo.com\/en\/wp-json\/wp\/v2\/pages\/946\/revisions\/3425"}],"wp:attachment":[{"href":"https:\/\/www.asierpolo.com\/en\/wp-json\/wp\/v2\/media?parent=946"}],"curies":[{"name":"wp","href":"https:\/\/api.w.org\/{rel}","templated":true}]}}

<p>[vc_row el_class=&#8221;home-photo&#8221;][vc_column el_class=&#8221;column-no-padding&#8221;][vc_single_image image=&#8221;499&#8243; img_size=&#8221;full&#8221; alignment=&#8221;center&#8221;][/vc_column][/vc_row][vc_row el_class=&#8221;page-block-center page-block-title&#8221;][vc_column][vc_column_text]</p>
<h1>Biography</h1>
<p>[/vc_column_text][/vc_column][/vc_row][vc_row el_class=&#8221;page-block-center page-block-mar40&#8243;][vc_column][vc_column_text]Considered by the specialist music press as one of the most important cellists of his generation, Asier Polo has worked with many of the major international orchestras, such as the Philharmonia Orchestra, London Symphony Orchestra, Danish National Symphony Orchestra, Orchestra Sinfonica Nazionalle della RAI, Dresdner Philharmonie, Orchestre de Paris, BBC Philharmonic, Bergen Filharmoniske Orkester, Israel Philharmonic Orchestra, Berliner Symphoniker, Orquesta Nacional de México, Orquestra Sinfônica de São Paulo, Louisiana Philharmonic, Orquesta Nacional de España and Basel Symphony Orchestra, under the baton of distinguished conductors such as John Axelrod, Pinchas Steinberg, Christian Badea, Rafael Frühbeck de Burgos, Claus Peter Flor, Carlos Miguel Prieto, Günther Herbig, Juanjo Mena, Antoni Wit and Anne Manson.[/vc_column_text][/vc_column][/vc_row][vc_row el_class=&#8221;page-block-center page-block-mar40&#8243;][vc_column width=&#8221;2/3&#8243;][vc_column_text]He is a regular guest at prestigious festivals, such as those held in Schleswig-Holstein, Nantes, Ohrid, Biennale di Venezia, Rome, Lisbon, Gstaad Menuhin Festival, Morelia, Granada and the Quincena Musical in San Sebastián.[/vc_column_text][/vc_column][vc_column width=&#8221;1/3&#8243;][vc_column_text]</p>
<blockquote>
<h3>“Asier Polo is today’s most celebrated Spanish cellist”</h3>
<p>El Mundo</p></blockquote>
<p>[/vc_column_text][/vc_column][/vc_row][vc_row el_class=&#8221;page-block-center&#8221;][vc_column][vc_column_text]He has appeared with great artists such as Silvia Marcovici, Nicolás Chumachenco, Sol Ga­betta, Maxim Rysanov, Isabelle van Keulen, Josep Colom, Eldar Nebolsin, Gerard Caussé, Cuarteto Janácek, Cuarte­to Casals and Alfredo Kraus, who in the last years of his career invited him to perform as soloist at his concerts, with engagements at the Maggio Musicale Fiorentino, Royal Opera House, Covent Garden in London, Tonhalle in Zurich and the prestigious Musikverein in Vienna, as well as a successful tour in the major concerts halls in Japan.[/vc_column_text][/vc_column][/vc_row][vc_row el_class=&#8221;page-block-divide&#8221;][vc_column][vc_separator][/vc_column][/vc_row][vc_row el_class=&#8221;page-block-center page-block-mar40&#8243;][vc_column][vc_column_text]</p>
<h2>Repertoire</h2>
<p>He is devoted to contemporary music, especially from his native country. Composers such as Gabriel Erkoreka, Jesús Torres, Luis de Pablo, Jesús Villa-Rojo, Fernando Velázquez and Antón García Abril have all dedicated their cello concertos to Asier Polo. He enjoys combining modern music with the great classical repertoire, covering everything from Bach’s <em>Suites</em>, classical and romantic concertos, to contemporary music such as Henri Dutilleux, Cristóbal Halffter and Sofia Gubaidulina.[/vc_column_text][/vc_column][/vc_row][vc_row el_class=&#8221;page-block-center page-block-mar40&#8243;][vc_column width=&#8221;1/3&#8243;][vc_column_text]</p>
<blockquote>
<h3>“Asier Polo, a true delight, a genius, on top form”</h3>
<p>Diario Vasco</p></blockquote>
<p>[/vc_column_text][/vc_column][vc_column width=&#8221;2/3&#8243;][vc_column_text]He has recorded <a href="https://www.asierpolo.com/en/discography/">19 albums</a> for major record labels such as <em>Naxos</em>, <em>Claves</em>, <em>RTVE, IBS Classical </em>and <em>Marco Polo</em>, playing some of the major Spanish repertoire for cello, such as the concertos by José María Usandizaga, Joaquín Rodrigo, Francisco Escudero, Tomás Marco, Carmelo Bernaola and Jesús Rueda. Highlights include the nominated for the Gramophon Editor&#8217;s Choice Award CD dedicated to the work of the composer Sofia Gubaidulina (<em>Et&#8217;cetera Record</em>s) and the recording of the <em>Ecos y Sombras</em> [Echoes and Shades] DVD dedicated to Cristóbal Halffter, performing his <em>Cello Concerto no. 2</em> with the Spanish National Orchestra (<em>KP Music</em>).[/vc_column_text][/vc_column][/vc_row][vc_row el_class=&#8221;page-block-center&#8221;][vc_column][vc_column_text]His latest CD releases -all them for IBS Classical- include Rachmaninov and César Frank’s sonatas for cello and piano with Marta Zabaleta and Brahms’ cello sonatas with the pianist Eldar Nebolsin, as well as Vivaldi, Boccherini and Haydn’s cello concertos together with the Orquesta Barroca de Sevilla and Andrés Gabetta, and the whole set of <i>Cello Suites</i> by J. S. Bach, his latest album.[/vc_column_text][vc_column_text]Two new albums will soon be released with the Spanish National Orchestra, conducted by Juanjo Mena: Joaquín Rodrigo&#8217;s two cello concertos &#8211;<em>Concierto como un Divertimento</em> and <em>Concierto in modo Galante-</em>, as well as Alberto Ginastera&#8217;s <em>Cello Concerto no.2</em>, Op.50 (1980).[/vc_column_text][/vc_column][/vc_row][vc_row el_class=&#8221;page-block-divide page-block-divide-2&#8243;][vc_column][vc_separator][/vc_column][/vc_row][vc_row el_class=&#8221;page-block-center page-block-mar40&#8243;][vc_column][vc_column_text]</p>
<h2>Career</h2>
<p>Asier Polo studied in Bilbao, Madrid, Cologne and Basel with Elisa Pascu, Maria Kliegel and Ivan Monighetti, and also received guidance from János Starker, Natalia Gutman and Mstislav Rostropovich in various masterclasses. He soon stood out as a promising young musician, winning the first prizes in Cello and Chamber Music at the National Young Musicians Competition in Spain.</p>
<p>Asier Polo has been awarded numerous prizes, and amongst others, the <em>Ojo Crítico</em> by Radio Nacional de España (2002), the Fundación CEOE <em>Prize for Musical Interpretation</em> (2004) and the <em>National Music Award</em> by the Ministry for Culture and Sports of Spain (2019). In 2009 he was appointed “Ilustre de Bilbao” (Bilbao being his native city).</p>
<p>He is regularly invited to be on the judging panel of international cello competitions, such as the Dotzauer Wettbewerb (Germany), Carlos Prieto International Cello Competition (Mexico), Benedetto Mazzacurati Competition (Italy) and the Manhattan International Music Competition (New York). He also gives masterclasses in many countries, including Germany, the Netherlands, Italy, Mexico, Venezuela and Brazil.[/vc_column_text][/vc_column][/vc_row][vc_row el_class=&#8221;page-block-center page-block-mar40&#8243;][vc_column width=&#8221;2/3&#8243;][vc_column_text]Asier Polo plays a <a href="https://www.asierpolo.com/en/my-cello/">Francesco Ruggeri cello</a> (Cremona, 1689) purchased in collaboration with the Fundación Banco Santander.[/vc_column_text][/vc_column][vc_column width=&#8221;1/3&#8243;][vc_column_text]</p>
<blockquote>
<h3>“An extraordinary soloist and profound musician”</h3>
<p>El País</p></blockquote>
<p>[/vc_column_text][/vc_column][/vc_row][vc_row el_class=&#8221;page-block-divide page-block-divide-medium&#8221;][vc_column][vc_separator][/vc_column][/vc_row][vc_row el_class=&#8221;page-block-center page-block-mar40&#8243;][vc_column][vc_column_text]</p>
<h2 style="text-align: center;">PRESS MATERIAL</h2>
<p style="text-align: center;">Biography, logos and high-resolution photos (2020/2021)</p>
<p>[/vc_column_text][vc_btn title=&#8221;Download&#8221; style=&#8221;flat&#8221; align=&#8221;center&#8221; i_icon_fontawesome=&#8221;fas fa-angle-down&#8221; add_icon=&#8221;true&#8221; link=&#8221;url:%2Fwp-content%2Fuploads%2F2021%2F01%2FAsier-Polo-PressKit-01-2021.zip|title:Press%20Kit&#8221;][/vc_column][/vc_row]</p>
